y) = -38*y - 1666. Give l(-44).
6
Let n(o) = -18*o**2 + 167*o - 39. Give n(9).
6
Let v(m) = 8655*m - 112522. Give v(13).
-7
Let h(g) = 11*g**3 - 119*g**2 - 248*g - 3. What is h(-2)?
-71
Let k(b) = -54*b - 422. Determine k(-8).
10
Let w(o) = -o**3 + 6*o**2 + 13*o + 8. Determine w(8).
-16
Let x(r) = -30*r - 360. Calculate x(-18).
180
Let f(p) = 127*p + 6738. Calculate f(-53).
7
Let j(q) = -11*q**2 + 20*q + 206. What is j(-9)?
-865
Let i(r) = -161*r**2 + 20*r - 8. What is i(1)?
-149
Let s(g) = -g**2 + 184. Determine s(-14).
-12
Let q(j) = -4*j**2 + 298. Calculate q(0).
298
Let d(t) = -t**3 + 101*t**2 - 2526*t + 186. What is d(56)?
-150
Let f(i) = -28*i - 402. What is f(-15)?
18
Let m(f) = 3*f**2 + 307*f - 436. What is m(-104)?
84
Let r(x) = x**3 - 8*x**2 - 5*x + 16. Determine r(-2).
-14
Let f(a) = -a**2 - 100*a - 94. Calculate f(-99).
5
Let p(d) = -d**2 - 53*d + 356. Calculate p(6).
2
Let j(i) = -13*i - 24. What is j(-2)?
2
Let m(i) = 31*i**2 - 336*i - 35. What is m(11)?
20
Let m(w) = -279*w - 3573. Determine m(-13).
54
Let z(q) = -q**3 + 16*q**2 + 17*q - 17. Calculate z(18).
-359
Let a(y) = y**3 - 77*y**2 - 321*y - 272. Determine a(81).
-29
Let g(q) = -q**3 - 13*q**2 + 63*q + 69. Give g(-15).
-426
Let l(r) = 220*r - 3708. What is l(17)?
32
Let l(k) = -11*k**3 + 75*k**2 - 10*k - 23. What is l(7)?
-191
Let r(q) = q**3 + 106*q**2 + 104*q - 88. What is r(-105)?
17
Let j(o) = -o**3 - 4*o**2 + 10*o - 41. Calculate j(-6).
-29
Let n(o) = 30*o + 552. What is n(-18)?
12
Let r(z) = 34*z - 3747. Calculate r(110).
-7
Let z(v) = v**3 + 45*v**2 - 139*v + 220. Determine z(-48).
-20
Let q(z) = 2*z**2 - 55*z + 684. Give q(19).
361
Let r(u) = 45*u - 90. What is r(2)?
0
Let o(u) = 27*u - 62. Give o(10).
208
Let x(q) = 16*q**3 + q**2 - 5*q + 3. What is x(1)?
15
Let b(d) = 3*d - 156. Give b(53).
3
Let n(u) = u**2 + 104*u + 2842. What is n(-54)?
142
Let f(c) = -c**3 - 8*c**2 - 5*c - 2. Calculate f(-4).
-46
Let o(d) = -d**2 - 55*d - 596. Calculate o(-40).
4
Let b(l) = -l**3 + 14*l**2 + 31*l + 26. What is b(16)?
10
Let k(p) = -2*p**3 + 39*p**2 - 5*p - 98. Calculate k(19).
168
Let p(y) = -y**3 - 41*y**2 + 37*y - 5. Determine p(-42).
205
Let p(k) = -k**2 + 51*k + 366. What is p(58)?
-40
Let d(i) = 492*i + 17225. What is d(-35)?
5
Let i(v) = -2*v**3 + 98*v**2 - 95*v - 134. Calculate i(48).
-86
Let x(h) = 6*h**2 - 138*h + 115. Determine x(22).
-17
Let m(l) = l**3 - 5*l**2 - 7*l + 41. Determine m(4).
-3
Let w(s) = -4*s - 113. Give w(-11).
-69
Let k(m) = 33*m**2 - 33*m + 4. What is k(4)?
400
Let k(s) = -s**2 + 168*s + 1771. Give k(-10).
-9
Let p(g) = 9*g**2 - 66*g - 3956. Calculate p(25).
19
Let h(m) = -8*m**2 + 364*m + 829. What is h(48)?
-131
Let v(t) = -79*t**2 + 97*t - 35. Determine v(2).
-157
Let b(v) = 5*v**3 - 15*v**2 - 34*v - 148. Give b(-5).
-978
Let i(w) = 80*w + 24. What is i(-2)?
-136
Let h(s) = -302*s - 918. What is h(-3)?
-12
Let y(i) = 1355*i + 17620. What is y(-13)?
5
Let q(l) = 135*l + 1382. Calculate q(-9).
167
Let g(c) = -3*c**3 - 32*c**2 + 54*c + 470. Give g(-11).
-3
Let z(f) = -f**3 + 103*f**2 + 208*f + 214. Determine z(105).
4
Let t(n) = -n**2 - 32*n + 144. Calculate t(4).
0
Let p(w) = -1548*w + 75858. Determine p(49).
6
Let x(n) = 4*n**2 - n - 38. Determine x(4).
22
Let t(z) = 5*z**3 - 17*z**2 + 18*z - 18. Give t(5).
272
Let r(p) = p**3 - 18*p**2 + 133*p - 389. What is r(6)?
-23
Let f(o) = -o**2 + 1044. Determine f(-29).
203
Let k(s) = s**2 - 53*s + 219. Determine k(48).
-21
Let j(b) = 15*b**2 + 55*b + 27. Determine j(-4).
47
Let r(q) = -48*q + 808. Determine r(16).
40
Let b(k) = -8*k**3 - 11*k**2 - 20*k + 3. What is b(-3)?
180
Let g(w) = w**2 + 540*w - 15922. Calculate g(28).
-18
Let z(n) = -10*n - 9. What is z(-5)?
41
Let l(f) = 419*f + 2892. Calculate l(-7).
-41
Let g(m) = -8*m**2 + 119*m + 139. Calculate g(16).
-5
Let x(b) = -5*b**3 + 31*b**2 - 15*b - 71. What is x(5)?
4
Let m(i) = -i**2 - 8*i - 68. Give m(-8).
-68
Let p(r) = -r**2 + 60*r + 351. What is p(-5)?
26
Let l(i) = 3810*i - 22863. What is l(6)?
-3
Let k(a) = 64*a + 309. Give k(-5).
-11
Let q(w) = -85*w**2 - 1192*w - 29. Determine q(-14).
-1
Let q(w) = w**2 + 4*w + 135. Determine q(-16).
327
Let g(s) = -17*s**2 - 75*s - 92. Calculate g(-2).
-10
Let d(b) = -b**3 + 8*b**2 + 5*b + 39. Determine d(9).
3
Let p(u) = 53*u**2 - 537*u + 72. Calculate p(10).
2
Let f(i) = -i**3 - 16*i**2 + 17*i + 22. Give f(-17).
22
Let b(i) = i**2 + 12*i - 9. Calculate b(-7).
-44
Let w(h) = -11*h + 18. Calculate w(2).
-4
Let z(v) = -v**2 - 54*v + 5033. What is z(-103)?
-14
Let b(s) = -348*s + 17748. Determine b(51).
0
Let q(g) = g + 203. Determine q(0).
203
Let p(f) = 3*f**2 - 99*f + 300. Calculate p(3).
30
Let t(n) = 13*n + 236. What is t(-16)?
28
Let a(d) = -d**2 + 908*d + 111993. Determine a(-110).
13
Let g(r) = -r**2 - 9*r + 30. Give g(-8).
38
Let k(j) = 153*j + 1380. Calculate k(-9).
3
Let u(b) = 79*b - 559. Determine u(4).
-243
Let g(b) = -b**3 - 28*b**2 + 28*b + 6. Calculate g(-29).
35
Let o(z) = -z**3 + 11*z**2 - 199. Determine o(8).
-7
Let s(i) = i**3 - 49*i**2 + 44*i + 26. Determine s(48).
-166
Let w(m) = -2*m**2 + 64*m + 18. Determine w(31).
80
Let o(m) = -9*m**2 + 86*m - 28. Give o(9).
17
Let b(j) = -3*j**3 + 125*j**2 + 25*j + 561. Calculate b(42).
-153
Let o(x) = 30*x + 1951. Calculate o(-57).
241
Let y(h) = -781*h - 4696. What is y(-6)?
-10
Let d(g) = -1146*g + 11457. Give d(10).
-3
Let f(r) = -2*r**2 - 11*r + 67. What is f(6)?
-71
Let u(g) = g**3 - 27*g**2 - 29*g - 46. Give u(28).
-74
Let i(k) = 12*k - 42. Give i(-7).
-126
Let u(g) = 55*g**3 + 6*g**2 - 2*g - 3. Calculate u(-1).
-50
Let c(v) = -176*v + 284. Determine c(2).
-68
Let n(g) = -2*g**2 - 106*g - 3. Give n(-53).
-3
Let d(r) = 2936*r + 114505. Calculate d(-39).
1
Let w(y) = 19*y - 218. Give w(10).
-28
Let b(z) = -20718*z + 103601. Give b(5).
11
Let c(k) = 175*k - 5105. What is c(29)?
-30
Let u(k) = k**3 - 3*k**2 - 4*k + 5. Calculate u(3).
-7
Let i(u) = 2*u**3 - 20*u**2 + 25*u + 62. Calculate i(7).
-57
Let k(q) = q**2 + 21*q - 1201. Give k(26).
21
Let v(s) = s**3 + 32*s**2 + 53*s - 35. Determine v(-30).
175
Let n(i) = -32*i - 496. Give n(-19).
112
Let y(j) = 32*j**2 - 1566*j + 106. Calculate y(49).
204
Let l(j) = -32*j**2 + 225*j - 8. Calculate l(7).
-1
Let c(w) = w**3 - 76*w + 62. Give c(8).
-34
Let t(j) = -j**3 + 3*j**2 + 10*j + 2. Give t(-2).
2
Let f(s) = -s**2 + 11*s - 38. Determine f(6).
-8
Let i(a) = a**3 + 255*a**2 - 86*a - 21932. Determine i(-255).
-2
Let s(w) = 153*w + 4277. Determine s(-28).
-7
Let w(q) = -6*q**2 - 149*q - 376. Calculate w(-22).
-2
Let h(q) = -94*q - 3998. What is h(-43)?
44
Let a(v) = 5*v**2 + 582*v + 801. Give a(-115).
-4
Let m(p) = -p**3 + 38*p**2 - 41*p + 554. Calculate m(37).
406
Let y(r) = r**3 - 11*r**2 - 28*r + 24. Give y(13).
-2
Let z(q) = -q**3 + 20*q**2 + 155*q - 2810. Give z(21).
4
Let b(r) = -r**3 - 29*r**2 + 61*r - 31. What is b(-31)?
0
Let t(o) = -2*o**2 - 124*o + 2028. Give t(13).
78
Let v(x) = 2229*x + 115904. What is v(-52)?
-4
Let v(c) = c**3 + 24*c**2 + 110*c + 83. Determine v(-18).
47
Let q(b) = b**3 + 7*b**2 - 42*b + 9. Determine q(-11).
-13
Let j(x) = 4*x**2 - 5*x + 109. Give j(-8).
405
Let z(j) = 50*j**2 + 39*j + 40. Calculate z(-1).
51
Let x(i) = -i**3 - 10*i**2 - 9*i + 2. Give x(-9).
2
Let u(p) = p**3 + 22*p**2 + 241*p + 4629. Give u(-21).
9
Let g(o) = -o**2 + 9*o + 144. Give g(-11).
-76
Let h(r) = -57*r + 480. What is h(9)?
-33
Let v(s) = s**2 - 38*s + 387. Determine v(20).
27
Let m(g) = -72*g + 279. Determine m(4).
-9
Let i(z) = -z**3 + 11*z**2 + 158*z - 1730. Give i(11).
8
Let y(u) = 15*u**2 + 189*u - 52. What is y(-11)?
-316
Let l(c) = 884*c + 2657. What is l(-3)?
5
Let h(n) = 18*n**3 - 5*n**2 + 21*n - 6. Give h(2).
160
Let z(o) = 2*o**2 - 12*o + 9. Determine z(3).
-9
Let w(f) = -111*f + 3810. What is w(33)?
147
Let d(w) = 7*w**2 - 239*w + 58. What is d(35)?
268
Let v(o) = -345*o - 3094. Calculate v(-9).
11
Let k(j) = j**3 + 105*j**2 - 325*j - 111. Calculate k(-108).
-3
Let u(z) = 2*z**3 - 24*z**2 + 11*z - 77. Determine u(11).
-198
Let a(r) = -5*r + 667. Determine a(25).
542
Let v(z) = -z**3 - 7*z**2 - 7*z + 16. What is v(-7)?
65
Let j(z) = 516*z + 47940. Determine j(-93).
-48
Let b(u) = -2*u**3 - 3*u**2 - 589*u - 1178. What is b(-2)?
4
Let y(i) = i**2 - 57*i - 172. Determine y(-3).
8
L